{"id":58,"date":"2024-06-12T22:30:39","date_gmt":"2024-06-12T20:30:39","guid":{"rendered":"https:\/\/expojany.fr\/?page_id=58"},"modified":"2024-06-18T19:42:37","modified_gmt":"2024-06-18T17:42:37","slug":"lartiste","status":"publish","type":"page","link":"https:\/\/expojany.fr\/?page_id=58","title":{"rendered":"l&#8217;artiste"},"content":{"rendered":"<style>.kb-row-layout-id58_02ecfe-83 > .kt-row-column-wrap{align-content:start;}:where(.kb-row-layout-id58_02ecfe-83 > .kt-row-column-wrap) > .wp-block-kadence-column{justify-content:start;}.kb-row-layout-id58_02ecfe-83 > .kt-row-column-wrap{column-gap:var(--global-kb-gap-md, 2rem);row-gap:var(--global-kb-gap-md, 2rem);padding-top:var(--global-kb-spacing-sm, 1.5rem);padding-bottom:var(--global-kb-spacing-sm, 1.5rem);grid-template-columns:minmax(0, 1fr);}.kb-row-layout-id58_02ecfe-83 > .kt-row-layout-overlay{opacity:0.30;}@media all and (max-width: 1024px){.kb-row-layout-id58_02ecfe-83 > .kt-row-column-wrap{grid-template-columns:minmax(0, 1fr);}}@media all and (max-width: 767px){.kb-row-layout-id58_02ecfe-83 > .kt-row-column-wrap{grid-template-columns:minmax(0, 1fr);}}<\/style><div class=\"kb-row-layout-wrap kb-row-layout-id58_02ecfe-83 alignnone wp-block-kadence-rowlayout\"><div class=\"kt-row-column-wrap kt-has-1-columns kt-row-layout-equal kt-tab-layout-inherit kt-mobile-layout-row kt-row-valign-top\">\n<style>.kadence-column58_2dfe95-8c > .kt-inside-inner-col,.kadence-column58_2dfe95-8c > .kt-inside-inner-col:before{border-top-left-radius:0px;border-top-right-radius:0px;border-bottom-right-radius:0px;border-bottom-left-radius:0px;}.kadence-column58_2dfe95-8c > .kt-inside-inner-col{column-gap:var(--global-kb-gap-sm, 1rem);}.kadence-column58_2dfe95-8c > .kt-inside-inner-col{flex-direction:column;}.kadence-column58_2dfe95-8c > .kt-inside-inner-col > .aligncenter{width:100%;}.kadence-column58_2dfe95-8c > .kt-inside-inner-col:before{opacity:0.3;}.kadence-column58_2dfe95-8c{position:relative;}.kadence-column58_2dfe95-8c, .kt-inside-inner-col > .kadence-column58_2dfe95-8c:not(.specificity){margin-right:var(--global-kb-spacing-3xl, 6.5rem);margin-left:var(--global-kb-spacing-3xl, 6.5rem);}@media all and (max-width: 1024px){.kadence-column58_2dfe95-8c > .kt-inside-inner-col{flex-direction:column;justify-content:center;}}@media all and (max-width: 767px){.kadence-column58_2dfe95-8c > .kt-inside-inner-col{flex-direction:column;justify-content:center;}}<\/style>\n<div class=\"wp-block-kadence-column kadence-column58_2dfe95-8c\"><div class=\"kt-inside-inner-col\">\n<div class=\"wp-block-columns is-layout-flex wp-container-core-columns-is-layout-9d6595d7 wp-block-columns-is-layout-flex\">\n<div class=\"wp-block-column is-layout-flow wp-block-column-is-layout-flow\">\n<p class=\"has-large-font-size\">      <em><strong>Biographie<\/strong><\/em> <strong><em>de Jany<\/em><\/strong><\/p>\n\n\n\n<p class=\"has-medium-font-size\">Artiste de naissance, j\u2019ai beaucoup dessin\u00e9 et peint toute ma jeunesse d\u00e8s ma plus tendre enfance. Puis j\u2019ai laiss\u00e9 de c\u00f4t\u00e9 mes activit\u00e9s artistiques pendant quelques ann\u00e9es pour mener une carri\u00e8re scientifique tr\u00e8s active, et m\u2019occuper de ma famille.  J\u2019ai ensuite retrouv\u00e9 avec joie mes crayons et mes pinceaux, et j\u2019ai rejoint des ateliers collectifs pour am\u00e9liorer ma formation et pouvoir \u00e9changer avec d\u2019autres artistes.<\/p>\n\n\n\n<p class=\"has-medium-font-size\">Toute mon exp\u00e9rience et mes \u00e9motions, mes sensations, pass\u00e9es et pr\u00e9sentes, se projettent sur mes tableaux sans que j\u2019en sois toujours ma\u00eetre&nbsp;:<br>Je les imagine, les cr\u00e9e mais je les d\u00e9couvre aussi, les interroge, les reconnais, les regarde.<\/p>\n\n\n\n<p class=\"has-large-font-size\">    <strong><em>Approche artistique<\/em><\/strong><\/p>\n\n\n\n<p class=\"has-medium-font-size\">Je me d\u00e9finirais peut-\u00eatre comme un peintre \u00ab fabuliste \u00bb : Tr\u00e8s cr\u00e9ative et libre, j\u2019exprime surtout des \u00e9motions, des sensations, ou ma perception de la vie dans des tableaux, d\u2019apparence figurative, repr\u00e9sentant des animaux, des personnes voire des paysages, des objets, utilisant des techniques vari\u00e9es.<br><br>Je dessine et je peins, toujours et tout le temps, pour essayer de comprendre le monde, avec d\u00e9termination, humilit\u00e9, audace . . . et curiosit\u00e9.<br>C\u2019est aussi pour moi une fa\u00e7on de partager et j\u2019\u00e9coute toujours avec le plus grand int\u00e9r\u00eat les r\u00e9actions de ceux qui regardent mes \u0153uvres m\u00eame si, \u00e9tant artiste, une grande libert\u00e9 de cr\u00e9ation me conduit . . . . <\/p>\n<\/div>\n<\/div>\n<\/div><\/div>\n\n<\/div><\/div>\n\n<style>.kadence-column58_acadb3-bd > .kt-inside-inner-col,.kadence-column58_acadb3-bd > .kt-inside-inner-col:before{border-top-left-radius:0px;border-top-right-radius:0px;border-bottom-right-radius:0px;border-bottom-left-radius:0px;}.kadence-column58_acadb3-bd > .kt-inside-inner-col{column-gap:var(--global-kb-gap-sm, 1rem);}.kadence-column58_acadb3-bd > .kt-inside-inner-col{flex-direction:column;}.kadence-column58_acadb3-bd > .kt-inside-inner-col > .aligncenter{width:100%;}.kadence-column58_acadb3-bd > .kt-inside-inner-col:before{opacity:0.3;}.kadence-column58_acadb3-bd{position:relative;}@media all and (max-width: 1024px){.kadence-column58_acadb3-bd > .kt-inside-inner-col{flex-direction:column;justify-content:center;}}@media all and (max-width: 767px){.kadence-column58_acadb3-bd > .kt-inside-inner-col{flex-direction:column;justify-content:center;}}<\/style>\n<div class=\"wp-block-kadence-column kadence-column58_acadb3-bd\"><div class=\"kt-inside-inner-col\">\n<br><br><br><br><br><br><br><br><br><br><br><br><br><br><br><br><br><br><br><br><br><br><br><br><br><br<br><br><br><br><br><br><br><br><br><br><br><br><br><br><br><br><br><br><br><br><br><br><br<br><br><br><br><br><br><br><br><br><br><br><br><br>\n<\/div><\/div>\n\n\n<style>.kadence-column58_2972fe-26 > .kt-inside-inner-col,.kadence-column58_2972fe-26 > .kt-inside-inner-col:before{border-top-left-radius:0px;border-top-right-radius:0px;border-bottom-right-radius:0px;border-bottom-left-radius:0px;}.kadence-column58_2972fe-26 > .kt-inside-inner-col{column-gap:var(--global-kb-gap-sm, 1rem);}.kadence-column58_2972fe-26 > .kt-inside-inner-col{flex-direction:column;}.kadence-column58_2972fe-26 > .kt-inside-inner-col > .aligncenter{width:100%;}.kadence-column58_2972fe-26 > .kt-inside-inner-col:before{opacity:0.3;}.kadence-column58_2972fe-26{position:relative;}@media all and (max-width: 1024px){.kadence-column58_2972fe-26 > .kt-inside-inner-col{flex-direction:column;justify-content:center;}}@media all and (max-width: 767px){.kadence-column58_2972fe-26 > .kt-inside-inner-col{flex-direction:column;justify-content:center;}}<\/style>\n<div class=\"wp-block-kadence-column kadence-column58_2972fe-26\"><div class=\"kt-inside-inner-col\"><p class=\"burst-pageviews\">This page has been viewed 0 times.<\/p><\/div><\/div>\n","protected":false},"excerpt":{"rendered":"<p>Biographie de Jany Artiste de naissance, j\u2019ai beaucoup dessin\u00e9 et peint toute ma jeunesse d\u00e8s ma plus tendre enfance. Puis j\u2019ai laiss\u00e9 de c\u00f4t\u00e9 mes activit\u00e9s artistiques pendant quelques ann\u00e9es pour mener une carri\u00e8re scientifique tr\u00e8s active, et m\u2019occuper de ma famille. J\u2019ai ensuite retrouv\u00e9 avec joie mes crayons et mes pinceaux, et j\u2019ai rejoint&#8230;<\/p>\n","protected":false},"author":1,"featured_media":0,"parent":0,"menu_order":0,"comment_status":"closed","ping_status":"closed","template":"","meta":{"_monsterinsights_skip_tracking":false,"_monsterinsights_sitenote_active":false,"_monsterinsights_sitenote_note":"","_monsterinsights_sitenote_category":0,"_kad_post_transparent":"","_kad_post_title":"","_kad_post_layout":"","_kad_post_sidebar_id":"","_kad_post_content_style":"","_kad_post_vertical_padding":"","_kad_post_feature":"","_kad_post_feature_position":"","_kad_post_header":false,"_kad_post_footer":false,"_kad_post_classname":"","footnotes":""},"class_list":["post-58","page","type-page","status-publish","hentry"],"_links":{"self":[{"href":"https:\/\/expojany.fr\/index.php?rest_route=\/wp\/v2\/pages\/58","targetHints":{"allow":["GET"]}}],"collection":[{"href":"https:\/\/expojany.fr\/index.php?rest_route=\/wp\/v2\/pages"}],"about":[{"href":"https:\/\/expojany.fr\/index.php?rest_route=\/wp\/v2\/types\/page"}],"author":[{"embeddable":true,"href":"https:\/\/expojany.fr\/index.php?rest_route=\/wp\/v2\/users\/1"}],"replies":[{"embeddable":true,"href":"https:\/\/expojany.fr\/index.php?rest_route=%2Fwp%2Fv2%2Fcomments&post=58"}],"version-history":[{"count":6,"href":"https:\/\/expojany.fr\/index.php?rest_route=\/wp\/v2\/pages\/58\/revisions"}],"predecessor-version":[{"id":207,"href":"https:\/\/expojany.fr\/index.php?rest_route=\/wp\/v2\/pages\/58\/revisions\/207"}],"wp:attachment":[{"href":"https:\/\/expojany.fr\/index.php?rest_route=%2Fwp%2Fv2%2Fmedia&parent=58"}],"curies":[{"name":"wp","href":"https:\/\/api.w.org\/{rel}","templated":true}]}}